 8/(-3). Let k(q) be the second derivative of -q**5/20 - q**4/12 + q**3/2 - q**2/2 - 11*q. Determine k(w).
8
Let z(m) = -m**2 + 3*m + 4. Let g be ((-9)/9)/(1/(-7)). Suppose 2*u + 2*i - g = -u, 2*u + 6 = -4*i. Determine z(u).
-6
Let g(k) be the third derivative of k**4/12 + k**3/6 - 22*k**2. Calculate g(2).
5
Let d(p) = -p**2 + 7*p + 4. Let v be d(7). Let o(z) = -v + 4 + 2 - z. Let r be (3/(-5))/((-2)/10). Calculate o(r).
-1
Let k(f) = -3*f - 22 - 14 + 40. Give k(3).
-5
Suppose 9*z = 5*z. Let c(s) = -s**2 + 11 + 20*s - 20*s. What is c(z)?
11
Let m(v) be the third derivative of 0 + v**3 - 1/4*v**4 + 0*v - v**2 + 1/60*v**5. Let x(j) = 2*j**2 - 3*j + 4. Let s be x(0). Determine m(s).
-2
Let t(y) = y**3 + 3*y**2 + 2*y. Let b = 9 - 11. Give t(b).
0
Let k(l) = -l**3 + 11*l**2 - 2*l + 16. Let y be k(11). Let v(b) = -b**3 - 5*b**2 + 9*b + 1. What is v(y)?
-17
Let b(f) = f**2 - 2*f - 3. Let z(n) = -n**3 - 2*n**2 + 3*n + 3. Let u be z(-2). What is b(u)?
12
Let z(v) = -3 + 3*v - 2*v**2 - 3*v + 5*v. Let p = -252 - -255. Give z(p).
-6
Let q(b) = -1 - 2*b**2 - 5*b - 1 + 3*b**2. Let u(j) = j**2 + 7*j - 10. Let h be u(-8). Let m = 3 - h. Give q(m).
-2
Let o(u) = 16 - u + 5*u - 5*u. Let m(a) = a - 11. Let k(w) = -7*m(w) - 5*o(w). Give k(-5).
7
Let n(r) = 2 + 3*r**3 - 7*r - 6 - 6*r**2 - 2*r**3 - 1. Let y(u) = -u**3 + 10*u**2 + 2*u - 13. Let k be y(10). What is n(k)?
-5
Let n(o) = o**3 + 7*o**2 + 5*o + 8. Let d(h) = 2*h**3 + 6*h**2 + 2*h. Let r be d(-3). Calculate n(r).
14
Suppose b + 0*b = 5. Let g be (-2 - 1) + 35/b. Let a(t) = -t + 0*t**2 - 2 - t**2 + 7*t. Give a(g).
6
Let i(h) = 0*h + 2*h + 2*h + 4. Let s be i(-2). Let c(g) = -g**2 - 2*g + 1. Give c(s).
-7
Let h be (6/4)/(6/24). Let o(l) = l**3 - 7*l**2 + 6*l + 4. Calculate o(h).
4
Let w(m) = m**3 + 3*m**2 + m - 4. Let c be w(-3). Let l(u) be the first derivative of u**4/4 + 8*u**3/3 + 3*u**2 - 43. Determine l(c).
7
Let t(o) = -o**3 - 3*o**2 - o. Let j be t(-3). Suppose -j + 1 = -u. Let x(r) = 0*r - 3*r + 4*r - r**3 - 4*r**u - 1 - 4*r. What is x(-2)?
-3
Let d = -13 - -18. Suppose -2 = 3*q - d*q. Let f(k) = -4*k**2 - k - 3. Let x(r) = 5*r**2 + r + 2. Let v(u) = 2*f(u) + 3*x(u). Calculate v(q).
8
Let f(w) be the second derivative of 3*w + 0 + 1/3*w**3 + 3*w**2. Let v(r) = -r - 7. Let l(i) = 6*f(i) + 5*v(i). What is l(-1)?
-6
Suppose p - 9 = -2*p. Let j = 9 + -9. Let v(x) = j + x**2 + 0*x**2 - x - 1. Give v(p).
5
Let a(x) be the first derivative of 0*x + 3 + 1/24*x**4 - 1/2*x**2 + 4/3*x**3. Let n(c) be the second derivative of a(c). Give n(-6).
2
Let x be (2 + -1 + 2)/1. Suppose -5*v + x = -6*v. Let m(i) = -i**2 + 4*i - i - 5*i - 2. Determine m(v).
-5
Let u(h) be the first derivative of -2*h**3/3 + 2*h**2 - 1. Let b(w) = w**3 - 7*w**2 - 6*w - 8. Let s be b(8). Let a = s - 5. Determine u(a).
-6
Let m(h) be the third derivative of h**4/24 - h**3/2 - h**2. Let g be (0/1)/(2/1). Calculate m(g).
-3
Let r = -15 - -13. Let t(o) = 4*o**2 - 2. Give t(r).
14
Let z(o) be the third derivative of -o**6/120 - o**5/15 - o**4/12 + o**3/6 + 3*o**2. Let w(n) = n**3 - 6*n**2 - 8*n + 3. Let l be w(7). What is z(l)?
9
Suppose -2*i + 6*i = 0. Let r(j) = -j - 336 + 346 + i*j. Determine r(6).
4
Let y(w) = 7*w**3 - 10*w**2 + 6*w - 4. Let o(t) = -20*t**3 + 29*t**2 - 17*t + 12. Let l(i) = -6*o(i) - 17*y(i). Calculate l(4).
-4
Let b(j) = -3*j + 2*j + 9 + j - j. What is b(8)?
1
Let i(l) be the second derivative of 0 + 5*l + 1/3*l**4 - l**3 + 1/20*l**5 - 3/2*l**2. Determine i(-5).
2
Let t(r) = 9*r**2 - 3*r. Let b(i) be the second derivative of 3*i**4/2 - 7*i**3/6 - i. Let l(a) = 2*b(a) - 5*t(a). Calculate l(1).
-8
Let y(v) be the first derivative of -v**4/4 + 4*v**3/3 - v**2/2 + v - 1. Let f = -1 - 3. Let h be ((-2)/f)/((-5)/(-30)). Determine y(h).
7
Let w(c) = 2*c**2 - 4*c - 1. Suppose -10*g + 12*g - 10 = 0. Suppose 2*p + 6 = 0, -g = o + 2*p - 2. Give w(o).
5
Let w be 28/5 + 9/(-15). Suppose -15 = -3*m - 3*k, w*k - 4 + 3 = 3*m. Let q(u) = 1 - 2 - m*u - 4*u. Calculate q(-1).
6
Let w(h) = -h**3 - h**2 - 5. Suppose 3*c + 4 + 2 = -u, 2*u + 2 = -c. Give w(u).
-5
Let j(s) = -5*s - s**2 + 0*s + 2*s**2 + 2. Suppose -c - 2 = 3*v + v, 2*c - 2*v = 26. Let f be c/2 - (-1 + 3). Give j(f).
-4
Let r(z) = -z**3 + z**2 + 2*z + 2. Suppose -2*t + 4 = -0*t. Suppose 2*d - 4 = t. What is r(d)?
-10
Let s(b) = b**2 + 3*b - 4. Let u(a) = 1. Let n(l) = s(l) + 4*u(l). Calculate n(-4).
4
Suppose -3*x + 5*y = -16, 2*x = -5*y + 2 - 8. Let h(u) = -u**2 + 3*u. Give h(x).
2
Let g(h) = h - 4. Let o be g(4). Let u(b) = b**2 + o*b + 1 - 3*b + 8*b. Let m be (-1 + 0)*-1*-5. Give u(m).
1
Let w(c) = -3*c - 74 + 2*c + 69. What is w(-7)?
2
Suppose -4*t + 4 = 2*n, 6*t = 3*t - n + 1. Let b(w) be the third derivative of 0 + 0*w**3 + 2*w**2 + 0*w**4 - 1/60*w**5 + 0*w + 1/40*w**6. What is b(t)?
-4
Let v be ((-2)/4)/(-5 - (-6 + 2)). Let u(h) be the second derivative of -3*h + v*h**2 - 1/2*h**3 + 0 + 1/12*h**4. Determine u(4).
5
Let v be 2 + 5/(15/24). Let c = v - 3. Let s(a) = c*a + a - 3*a + 0 - 1. What is s(-1)?
-6
Suppose -5*j - 22 + 2 = 0. Let b be 0 + -1 + (1 - -2). Let c(g) = b - 2*g**2 - 6*g + g**3 + 5*g + 5*g**2. What is c(j)?
-10
Let f(z) = -z**3 - 5*z**2 + 2*z + 7. Let c be 6 + 2/(4/(-2)). Suppose c*w - 4*j + 45 = 0, -4*w + 3*j = -w + 30. Give f(w).
-3
Suppose -7 = -g - 13. Let t(s) = s**3 + 7*s**2 + 5*s + 1. What is t(g)?
7
Suppose 6 = 7*k - 5*k. Suppose 2*y = 8, s - k*y = -4*y + 2. Let b(p) = -p**3 - 3*p**2 - 3*p. Calculate b(s).
2
Let w(z) be the third derivative of -z**4/24 + 5*z**3/6 + 5*z**2. Let m(i) = i**3 + 7*i**2 + 5*i. Let g be m(-6). Determine w(g).
-1
Let h(l) = -2*l + 7. Suppose 0 = -4*i + 3*i - 4. Let c be -1 - (-5 + i + 2). Determine h(c).
-5
Let v = 5 - 11. Let l(t) = -t**3 - 5*t**2 + 8*t + 6. Give l(v).
-6
Let g(q) = 4*q + 5 - 3*q + 3 - 7. Let f(a) = -a + 11. Let d be f(6). Calculate g(d).
6
Let z(r) = 3*r - 99 + 0*r + 98 + 2*r**2 + r. Let l(f) = f**2 - 6*f + 5. Let w be ((-2)/1)/(1/(-2)). Let q be l(w). What is z(q)?
5
Let g(u) = -13*u - 5. Let p(b) = -6*b - 2. Let i(w) = -w**2 + w + 10. Let y be i(3). Let r(j) = y*g(j) - 9*p(j). Let f be ((-6)/4)/((-9)/12). What is r(f)?
2
Let n(k) = 0 + 4 - k - k. Suppose 4*t - 20 = -5*p, 0*t - 2*p - 5 = -t. Suppose 0 = i - 0*i - t. Calculate n(i).
-6
Suppose 2*y - 4*v + 15 - 5 = 0, -17 = -3*y - 2*v. Let b(z) = y + 0*z - 5*z + z - 2. Determine b(-1).
5
Let c = 0 - -2. Let x(f) = -3*f + f**2 + 4 - 5*f**2 + 3*f**c. Determine x(-4).
0
Let n(d) = -5 + 14 + 1 + d - 5. Determine n(-3).
2
Suppose 0 = -3*y + 6, -8 = 2*a - 4*y - 0*y. Let x be 5/(1/1 - a). Let b(t) be the first derivative of -t**2 - 1. Determine b(x).
-10
Let t(y) = y**3 + 6*y**2 - 10*y - 10. Let k = -17 + 10. Determine t(k).
11
Let y(p) = -p**3 + p + 1. Let a(v) = v**2 + 1. Let q be a(2). Suppose k = q*k + 4. Determine y(k).
1
Let f(h) be the first derivative of 1/4*h**4 - 6*h - 3 + 0*h**2 + 1/3*h**3. Determine f(0).
-6
Let x(t) = -3*t. Suppose -4*k = -12, -4*w = -2*w - k + 17. Let z = 4 + w. Determine x(z).
9
Let t(w) = -w + 3. Let y be (-5)/20 - (-17)/4. Let b be y + 1 - 0/1. What is t(b)?
-2
Let w be -1*(4/(-2))/2. Let k(o) = -7*o**2 + 2*o + 1. Let s(l) = 36*l**2 - 11*l - 6. Let p(h) = 11*k(h) + 2*s(h). Determine p(w).
-6
Let c(r) = -r + 6. Suppose 5*s + 37 = 4*g, g + 0*s - s = 8. Give c(g).
3
Let y = -1 + 4. Suppose 2*h - s = 7, 0 = -5*s + 3 + 2. Let d be 2*(6/h - y). Let t(c) = -2*c**2 - 5*c - 4. What is t(d)?
-7
Let y(t) = 4*t - 90. Let h be y(21). Let v(c) = 7*c - 4*c + 8 + c**3 + 5*c**2 + c**2. Determine v(h).
-10
Let k(r) = -2*r - 2*r + 5*r. Let c be k(3). Let p(o) = o**3 - o**c + 1 - 2*o**2 + o**3. Give p(-1).
-2
Let m(r) be the third derivative of r**5/60 - r**4/12 - r**3/6 + 2*r**2. Let n(y) = y**3 + 6*y**2 + 6*y + 4. Let v be n(-5). What is m(v)?
2
Let i(m) be the third derivative of -1/3*m**3 - 1/24*m**4 - 1/15*m**5 + 0 + 0*m + 1/120*m**6 - m**2. Give i(4).
-6
Let w(s) be the second derivative of s**5/20 + 5*s**4/12 - 5*s**3/6 - 13*s. Give w(-6).
-6
Let n(z) = -4*z + 1. Let v be n(-1). Suppose -v*c - 5 - 23 = -2*u, -3*u = -12. Let y(h) = -h - 1. Determine y(c).
3
Let d(a) = -7*a**3 + a**2 + 2*a + 1. Let g(n) be the second derivative of -n**5/20 - n**4/4 + 2*n**3/3 - n**2/2 - 2*n. Let k be g(-4). What is d(k)?
7
Let d be 2/(-8) + (-68)/(-16). Suppo